--
-- Host: localhost    Database: AMOL316_CASOP
-- ------------------------------------------------------


--
-- Table structure for table `EMM_MANAGER`
--

CREATE TABLE `EMM_MANAGER` (
  `MSG_ID` int(11) NOT NULL AUTO_INCREMENT,
  `COMMAND_TYPE` int(11) NOT NULL,
  `USER_ID` varchar(32) NOT NULL,
  `PAYLOAD` varchar(4096) CHARACTER SET utf8 NOT NULL,
  `STATUS` tinyint(4) NOT NULL DEFAULT '1',
  `START_TIME` double DEFAULT NULL,
  `EXPIRY_TIME` double NOT NULL,
  `repitition_intervel` int(11) NOT NULL,
  PRIMARY KEY (`MSG_ID`),
  KEY `MSG_ID` (`MSG_ID`),
  KEY `MSG_ID_2` (`MSG_ID`)
) ENGINE=InnoDB DEFAULT CHARSET=latin1;

--
-- Dumping data for table `EMM_MANAGER`
--


--
-- Table structure for table `EMM_MSG_QUEUE_CONFIG`
--

CREATE TABLE `EMM_MSG_QUEUE_CONFIG` (
  `MSG_TYPE` int(11) NOT NULL,
  `Repitition` int(11) NOT NULL,
  `Duration` int(11) NOT NULL,
  `max_count` int(11) NOT NULL,
  PRIMARY KEY (`MSG_TYPE`)
) ENGINE=InnoDB DEFAULT CHARSET=latin1;

--
-- Dumping data for table `EMM_MSG_QUEUE_CONFIG`
--

INSERT INTO `EMM_MSG_QUEUE_CONFIG` VALUES (1,600,86400,400),(2,20,86400,100),(3,10,10800,165),(4,1,2,2);

--
-- Table structure for table `ecm_access_criteria`
--

CREATE TABLE `ecm_access_criteria` (
  `service_id` int(11) NOT NULL,
  `access_criteria` int(6) NOT NULL,
  `country_code` varchar(3) DEFAULT 'IND',
  `rating` int(11) DEFAULT NULL,
  `content_identifier` varchar(256) DEFAULT NULL,
  `expiry_time` bigint(20) DEFAULT NULL,
  `service_key_id` int(11) NOT NULL,
  `fp_start_time` int(11) NOT NULL DEFAULT '0',
  `service_name` varchar(50) NOT NULL,
  `cgms_a` tinyint(1) NOT NULL DEFAULT '1',
  `gap` int(11) NOT NULL DEFAULT '10',
  PRIMARY KEY (`access_criteria`)
) ENGINE=InnoDB DEFAULT CHARSET=latin1;

--
-- Dumping data for table `ecm_access_criteria`
--

DELIMITER ;;
/*!50003 CREATE*/ /*!50017 DEFINER=`root`@`localhost`*/ /*!50003 TRIGGER fp_start_time BEFORE UPDATE ON ecm_access_criteria  
FOR EACH ROW SET new.fp_start_time = UNIX_TIMESTAMP(NOW()) */;;
DELIMITER ;

--
-- Table structure for table `event`
--

CREATE TABLE `event` (
  `event_id` int(11) NOT NULL AUTO_INCREMENT,
  `event_name` varchar(50) NOT NULL,
  `service_id` int(11) NOT NULL,
  `start_time` bigint(20) NOT NULL,
  `end_time` bigint(20) NOT NULL,
  PRIMARY KEY (`event_id`)
) ENGINE=InnoDB DEFAULT CHARSET=latin1;

--
-- Dumping data for table `event`
--


--
-- Table structure for table `operator`
--

CREATE TABLE `operator` (
  `operator_id` int(5) NOT NULL,
  PRIMARY KEY (`operator_id`)
) ENGINE=InnoDB DEFAULT CHARSET=latin1;

--
-- Dumping data for table `operator`
--


--
-- Table structure for table `package`
--

CREATE TABLE `package` (
  `package_id` int(11) NOT NULL,
  `channel_list` varchar(3000) NOT NULL,
  `package_name` varchar(64) DEFAULT NULL,
  PRIMARY KEY (`package_id`)
) ENGINE=InnoDB DEFAULT CHARSET=latin1;

--
-- Dumping data for table `package`
--


--
-- Table structure for table `package_exclusion_list`
--

CREATE TABLE `package_exclusion_list` (
  `package_id` int(11) NOT NULL,
  `channel_list` varchar(3000) NOT NULL,
  PRIMARY KEY (`package_id`)
) ENGINE=InnoDB DEFAULT CHARSET=latin1;

--
-- Dumping data for table `package_exclusion_list`
--


--
-- Table structure for table `package_key`
--

CREATE TABLE `package_key` (
  `package_key_id` int(11) NOT NULL,
  `package_key` varchar(33) NOT NULL,
  `expiry_date` int(11) NOT NULL,
  PRIMARY KEY (`package_key_id`)
) ENGINE=InnoDB DEFAULT CHARSET=latin1;

--
-- Dumping data for table `package_key`
--

INSERT INTO `package_key` VALUES (6590,'dde3322995d8f4c7de597fdc1fb2afc2',1505952000),(6591,'a09b841cdea187267813da7fa39d4999',1505952000),(6592,'23b774943627085abf8dbe9d2faab74b',1505952000),(6593,'e3b551e1169ea786d0484cd3fce6e568',1505952000),(6594,'19035b1f2171edd5811477423d4936b5',1505952000),(6595,'0880c42e272d3a973eba6cffa31f8984',1505952000),(6596,'42d2302857fb4e3d2488c0766496b359',1505952000),(6597,'70cc04e1fd86cc6892f1fa4946ad8e6d',1505952000),(6598,'5515536857bbbfe120499687050886af',1505952000),(6599,'fe1e23c2aa7ae446fc085b67e81a4fef',1505952000),(6600,'cc82da8c89386d291728c8a06cafa3e6',1505952000),(6601,'23ea384066e3e3245dcb9fa5cb8eb941',1505952000),(6602,'c702f270eb9e099863e533b181551a3b',1505952000),(6603,'c9b503c59a17881c88a0f3f372c69f9a',1505952000),(6604,'432913ab4acb6d059d60ebe4bb916840',1505952000),(6605,'8ccf4747ea7cbac9732b5952c32d8789',1505952000),(6606,'2d8c9a6e9ebd539ac0a9ff0423e4310d',1505952000),(6607,'fbaf2710360a9228a9734b6a84bd265c',1505952000),(6608,'86c01bba4d0b1a820e1ebcc916b165b4',1505952000),(6609,'aed58237978a80e60f35d83cf38ac195',1505952000),(6610,'718b57740635d71d37b63c03c311c415',1505952000),(6611,'bad16d46255349ce1ba0886f3b18df6e',1505952000),(6612,'68ef545e965513cdad65bfada990fe8b',1505952000),(6613,'b4013b1d36bcab60b1f8cf900ee40eaa',1505952000),(6614,'941f4aa2201755cc052e12a7f5e5d153',1505952000),(6615,'aa43f26cf7a3e3045450322fce2f9ded',1505952000),(6616,'4d4de6c2f62c81a83e7d5f7f3647d73d',1505952000),(6617,'e579ccd7b466eec1046d944824186308',1505952000),(6618,'2d466a9569d8325354f2ecfd636e3133',1505952000),(6619,'8aeb4acdb5c402936af83c4a24c9e91e',1505952000),(6620,'7462f2a592723001ce50c184f295d090',1505952000),(6621,'2c8c9cbbb88656cc2b2f16e9a4209135',1505952000),(6622,'20b014346aee12ccf16af2f5f960770f',1505952000),(6623,'6682b007395e19c9d9e1a87c9f937865',1505952000),(6624,'a43f190cfdef109aa32efc767c07ae9e',1505952000),(6625,'f92438847af17db24d8eef246cdbf110',1505952000),(6626,'b1142c29c4d899fe9be730fb1882d082',1505952000),(6627,'ed684c099038f36faea191ea96107ffd',1505952000),(6628,'6ff192f9b0323124131380899c4cceeb',1505952000),(6629,'e8cbdee0963ee10050990ea2f5aa7151',1505952000),(6630,'633cfb769c7cbaedce89bcb9ed280a53',1505952000),(6631,'7cc4c67e0a11964e02f4d3cf28a5d4f9',1505952000),(6632,'3a13b92b267cd145ceb17c3214b4455e',1505952000),(6633,'dbf8bd93d6b1d7a46712b203132f19f1',1505952000),(6634,'80035d73bcd4b697a23a58f871e8e8f4',1505952000),(6635,'35f6a8e5ef7b80efe0bfd09f82be0838',1505952000),(6636,'3507194df5454e622772558aa15dab53',1505952000),(6637,'842bff56e59be36278e3b3202cb10673',1505952000),(6638,'bdfcadf072a7fa5352bea544ae724f06',1505952000),(6639,'f16e1356e98b6bf447d6a39e9436e0c0',1505952000),(6640,'b5c218217c14f1eb288ddd510c9b627d',1505952000),(6641,'cf1b5a23cc04bf0961e8abf988aeffbc',1505952000),(6642,'d6d8d31b5f2a6e60698fecbb8d9298d3',1505952000),(6643,'5c39ffe8b99c1aefdd1f61f51b720748',1505952000),(6644,'005017b77bf75849818c1fde16bfbb68',1505952000),(6645,'4c9da8e4437b642ad0953623b5678aa8',1505952000),(6646,'607417a6dd50075fcf0d68020333f1ed',1505952000),(6647,'48340b10199f0943d67edbfb38e163cb',1505952000),(6648,'114f05a9f665245c8fb38aa7545d5ff8',1505952000),(6649,'06d3d06e42134a5fd932f1ded8a35a89',1505952000),(6650,'f95b364dcf9706fee77b6854059b36c4',1505952000),(6651,'eedb137fe986b19b8e050bc72a0ec771',1505952000),(6652,'a2c56cde9b5dfd55812bf578ba88bd8a',1505952000),(6653,'2ce863544ef272f12e79009b548055cc',1505952000),(6654,'10a69a96bce6223e80e622272bcb9ed9',1505952000),(6655,'7975dd1eaf554bcd8b4eed2a8b8182c4',1505952000),(6656,'d1869c0707d2657930da3f749141e2d6',1505952000),(6657,'a75ee306339620127b7d8b740da46d43',1505952000),(6658,'b4bca9304e6009a727dcb0d2cd58fc15',1505952000),(6659,'eef7ff2fd39e1ff9c0c1c2c786420152',1505952000),(6660,'47fa871ce692294d28352714a186ab35',1505952000),(6661,'c4789fb3bb70c36080b47633ad42dd98',1505952000),(6662,'34c220ced199a51da381d00a68bd0cdf',1505952000),(6663,'77b6596ab0bc4d369a6643577a04ab0f',1505952000),(6664,'94294528f0b74ba35951138a0804b232',1505952000),(6665,'ecc0a9fb8f5a1f18d6d16fbd05689254',1505952000),(6666,'4703b6fe80863c6465ae2de81c6863d3',1505952000),(6667,'732f0b2d30654673fe3076a02cb6fc17',1505952000),(6668,'d0f795296ce91ecc8e61c22256a23431',1505952000),(6669,'3ab8c4f90773aca38554e3bcab89a901',1505952000),(6670,'35b934a7a975c3e4245ab430ef65d09f',1505952000),(6671,'f3bc5c2ac84fb69f92522cc161560175',1505952000),(6672,'7fc867fe6248171d050d02d3d3a23ce1',1505952000),(6673,'46a651cbe399c87d6262d699e97954b4',1505952000),(6674,'c77ab391295c900bfe73931f3bd38915',1505952000),(6675,'3f6431cccbf72509e21a6896a32b24a3',1505952000),(6676,'bd69019e83288cd6d24fd30e8c883b0b',1505952000),(6677,'5ba386101ef436f46e48e206d78e078e',1505952000),(6678,'bbd5fb50b3d302d07341fd9067f45689',1505952000),(6679,'5872ff566cfdbcb206edb52a80591e2d',1505952000),(6680,'89f420fd294dfc179323cb81e8266c0b',1505952000),(6681,'134b85a05fe4cd6dd2e445f605eff652',1505952000),(6682,'e22d7f67b7affe666ace7acd0bfc1e13',1505952000),(6683,'da186751df13334f204ccc39b7ba8a26',1505952000),(6684,'61185e206fd849a6a41326f0d2a89983',1505952000),(6685,'ac8505fd5f8bf4d2d8d68ef3df8a923a',1505952000),(6686,'6e55db5e0d5b98d09bc1ebf736a1e593',1505952000),(6687,'4d685a775d3347af5b1f3ec720edfd3b',1505952000),(6688,'f1c914f726cd9493dbf41ab01242d4f9',1505952000),(6689,'f75e16483161b60c4fbfcaf1b9cb9d8f',1505952000);

--
-- Table structure for table `parent_key`
--

CREATE TABLE `parent_key` (
  `parent_key_id` int(11) NOT NULL,
  `parent_key` varchar(33) NOT NULL,
  `expiry_date` int(11) NOT NULL
) ENGINE=InnoDB DEFAULT CHARSET=latin1;

--
-- Dumping data for table `parent_key`
--

INSERT INTO `parent_key` VALUES (3720,'876ade9894d8e51a44d2e8f314c6aaa2',1505952000),(3721,'6a06ed4522289bcad4765448c3150f7e',1505952000),(3722,'503efa9102a36b4e25c62af15acfdc7c',1505952000),(3723,'d8202d0650f35a6ba01fe8590ea3ee32',1505952000),(3724,'f06e9fb582245ba158898d40e5edec20',1505952000),(3725,'f542741eeeed1c0cd0837ab89c02356f',1505952000),(3726,'6c451ff67d9ac24dea4e9a12a2d09d5c',1505952000),(3727,'8208005df2f153751810eeeb7a2b66ff',1505952000),(3728,'fbbbc82a7b46a75be77cdc45d473117d',1505952000),(3729,'a5e1b5bde97f49b03a03602faad4f21a',1505952000),(3730,'e1e57aa54148793eaec6febcbc295e0f',1505952000),(3731,'8e80d6bef7f284c29f9669d3b8e1a7a0',1505952000),(3732,'95dd056a27df10c24771cbc6aca63285',1505952000),(3733,'0e8a31a2fc6e65e852dd93c2418df035',1505952000),(3734,'2dac76091166fd177a0d35f423820a35',1505952000),(3735,'a459240ae9859a8618e24ed9f56d9cc3',1505952000),(3736,'6915b071fa1251c61ef9e76871b67cf6',1505952000),(3737,'81fbcb3c577421d92f57f2ce35773b21',1505952000),(3738,'1e9487b19dc6c704e5036f806932c98a',1505952000),(3739,'42d1f129f6bc04ff81aecc673f186807',1505952000),(3740,'4a4fc8728346e8d72639dcd6242c211f',1505952000),(3741,'49e66ef287993e52b8b1c8aeec636895',1505952000);

--
-- Table structure for table `product_description`
--

CREATE TABLE `product_description` (
  `service_id` int(11) NOT NULL,
  `name` varchar(255) NOT NULL,
  PRIMARY KEY (`service_id`),
  KEY `name` (`name`)
) ENGINE=MyISAM DEFAULT CHARSET=utf8;

--
-- Dumping data for table `product_description`
--

INSERT INTO `product_description` VALUES (29,'Chintu TV');

--
-- Table structure for table `service_key`
--

CREATE TABLE `service_key` (
  `service_key_id` int(11) NOT NULL,
  `service_key` varchar(33) NOT NULL,
  `expiry_date` int(11) NOT NULL,
  `parent_key_id` int(11) NOT NULL
) ENGINE=InnoDB DEFAULT CHARSET=latin1;

--
-- Dumping data for table `service_key`
--

INSERT INTO `service_key` VALUES (4021,'82f34335614777fcb565e8f24ea3d637',1505952000,3720),(4022,'b49e7b4983eaca60d3295d02bd6bf44d',1505952000,3720),(4023,'290dba33043c5c309087bd3c5323fe4d',1505952000,3720),(4024,'39d4cb63512b7033039dcca4e057b0b4',1505952000,3720),(4025,'081fc43f377c1dbc5d97a146c072bc2a',1505952000,3720),(4026,'4bd7c98a6630ce661c4fd6ea58d1c95d',1505952000,3720),(4027,'a65fc4864d810f9068e51410d4d07655',1505952000,3720),(4028,'90570b382678772bf9c33daa898bf673',1505952000,3720),(4029,'315f53bcb250bde0f3dbf0976f16ac9d',1505952000,3720),(4030,'2478dab6559faadda0986050b3537ce2',1505952000,3720),(4031,'22e2b2db3e05238557f1ba61c6dc71d9',1505952000,3720),(4032,'f4b6c02dbba75677ce164e436f91fcf5',1505952000,3720),(4033,'52ca0ff9e05c85e4938535d1edc43400',1505952000,3720),(4034,'34ce4aec6009d3fc5283ee545c48f849',1505952000,3720),(4035,'997406cf6ad0661e48d5a7c93d4832a7',1505952000,3720),(4036,'a4ac048f27f2106b85e7874f5759b79a',1505952000,3720),(4037,'1997e0fcefc287f82c5a8e0114f3a309',1505952000,3720),(4038,'bdc1c67686057f35a7d7a27d879d22a3',1505952000,3720),(4039,'439b7a2c5f8971d8a6087751e9973567',1505952000,3720),(4040,'c35ad6c32ad3b3e9a93d7e63afa52302',1505952000,3720),(4041,'dbb7b65c2139d40c6b9d2fc47099b785',1505952000,3720),(4042,'3154b81f0275c9f369526cdbd1bac3d0',1505952000,3720),(4043,'1500990484ad7319b0efab1f578e5310',1505952000,3720),(4044,'c67409ef8adb08a2861eea2b1659bfe5',1505952000,3720),(4045,'cddaed71767ba8b2b796a77499bc8309',1505952000,3720),(4046,'21eb277b815741462b0c144215ee33c0',1505952000,3721),(4047,'3d8e5389ce49aab186c7730226a6665e',1505952000,3721),(4048,'c4311954068a18c1b4f2b387ea9b75d3',1505952000,3721),(4049,'b10dc7098d6a47e584fc46cdcec06d5f',1505952000,3721),(4050,'3dc4c824b141fae221ec096639fba65b',1505952000,3721),(4051,'32ffb4fe4fbd09211575089a4df3f4b4',1505952000,3721),(4052,'02c085bac8e27ea19b396746173d1857',1505952000,3721),(4053,'d9f959e0fbd01626df71529db6507718',1505952000,3721),(4054,'228b591372ddfdaa36212caf108cb821',1505952000,3721),(4055,'988839da8a94ffce3b6393809ba05da4',1505952000,3721),(4056,'ec5d7fed31e04cf8c8f3c9ccfe5e765f',1505952000,3721),(4057,'6542de39518d6dfe73f622219d7b986a',1505952000,3721),(4058,'dc02f990e8100853e3af0ef3d434f2dd',1505952000,3721),(4059,'05f6a8d18d4f8cec8c2e4c1d2e9ba9b8',1505952000,3721),(4060,'43d682238f0fc6bdd745e1c5415f5670',1505952000,3721),(4061,'1ef5547e619a60317c46660f3f40b5bc',1505952000,3721),(4062,'b6ad245a607b3d02a121946b6db9b7a4',1505952000,3721),(4063,'f8569da4add1a9ac26f7eafe782e4e78',1505952000,3721),(4064,'b0fe4930504a8a90695490e2c7992d43',1505952000,3721),(4065,'9fceb067937cfe1fef81be0f559fa16e',1505952000,3721),(4066,'7ce8140352502373d703614d9cd54b46',1505952000,3721),(4067,'b56f7f2f796fd71c9dbe4f09f1bed809',1505952000,3721),(4068,'e7f3a3374fbaf1c2671629d35f27d98d',1505952000,3721),(4069,'7a316726880113acb7827977293cf7e0',1505952000,3721),(4070,'91f4e71d5c0362c284904536368b1cb1',1505952000,3721),(4071,'106a9d166378bd6b90fb091467b94b93',1505952000,3722),(4072,'44bef955dcf35148d543a5185ec4a030',1505952000,3722),(4073,'d7ab0255b35f04f990121a3c76e7bf7c',1505952000,3722),(4074,'15d3dcbfa5a92cda73fbabd17bd6a532',1505952000,3722),(4075,'a08c74fc52190ed02e9886df70c42958',1505952000,3722),(4076,'fec8150cd4e964ac1dfa3630b86423b7',1505952000,3722),(4077,'03cd49de310351be73295d0d58d9df06',1505952000,3722),(4078,'32bfc4cf6f195280d01bfcb4a6e6cfb4',1505952000,3722),(4079,'d8f5f450fd7aeb3e5b3eaf5c665e6696',1505952000,3722),(4080,'b93c69953eddac6f5cd68d387f04cf97',1505952000,3722),(4081,'5270f0b0221ffa7088fedcc2a40625e4',1505952000,3722),(4082,'17b79fcbcd37ffbf16592d7454c57690',1505952000,3722),(4083,'e63060d7d3b591882a76e0ae37241d68',1505952000,3722),(4084,'4285299006dbbaef6e4efbf76a5ebc20',1505952000,3722),(4085,'36c8081bbb51b2daa5e9cad209880150',1505952000,3722),(4086,'58aeaae5d577d705c1a439914458faa1',1505952000,3722),(4087,'c89bd12af611ca0ad126c0c141968702',1505952000,3722),(4088,'9fe6c413edde7d9af1eab9ac006b71b1',1505952000,3722),(4089,'ec31b859b5c1c686419a2eeeeda8a6e2',1505952000,3722),(4090,'cc0fb89ccc10c990369ade137ce36438',1505952000,3722),(4091,'6baea9eb5a72334475de47bd453a47fa',1505952000,3722),(4092,'059cf43da48ef0d8f57846b1192a5783',1505952000,3722),(4093,'2f6c4a8b27e0146bfe2cf0835d3aaa06',1505952000,3722),(4094,'a7b24c76da60270ea09adaeb58f1eb4d',1505952000,3722),(4095,'30d261ed7d95803008b625d9dcd897b1',1505952000,3722),(4096,'2913ebbabb586ec11444296d7cfd914b',1505952000,3723),(4097,'17520574e2d0a97529a29ba3672d36ce',1505952000,3723),(4098,'a932fae795fab665311a8ad0cd5077de',1505952000,3723),(4099,'dccb8bde0d020dd381883d85d615162e',1505952000,3723),(4100,'c82b2884f9293db9e21de0c461daecbb',1505952000,3723),(4101,'5217a112a25d47dcae874fb6aef028fc',1505952000,3723),(4102,'34c1a6727095a52e977417024a74091f',1505952000,3723),(4103,'c3d60d5230be8d9ff6a2bcb923e78841',1505952000,3723),(4104,'26aaa7c6afef4fd3598ffef2a9205ef3',1505952000,3723),(4105,'27d2ce918ffce7bfef40320815e5346e',1505952000,3723),(4106,'1ef30b9884dc584d67957728ea6176ab',1505952000,3723),(4107,'e8b01a5f4f89a0fce6ac00f5fbee3759',1505952000,3723),(4108,'7581c961e2be1940c3113231a7adbd67',1505952000,3723),(4109,'59605fac250b131cae08226ab56fc1f6',1505952000,3723),(4110,'398367beba60c4437ef107742182984b',1505952000,3723),(4111,'ad17c7a0a736fb73573ea08baa850a41',1505952000,3723),(4112,'86e35fbfb9ad6c83b06db39a0c14e886',1505952000,3723),(4113,'2cb397d5099178a9b7485ed66d379ffd',1505952000,3723),(4114,'e634a2edcbc279ccf36549e29647cd17',1505952000,3723),(4115,'d37e09db839a2608df10781472d55ad3',1505952000,3723),(4116,'02431dee87b812f5d25e4a434ea8e309',1505952000,3723),(4117,'df041d70fda1f3dbb7887d7c674f18c2',1505952000,3723),(4118,'b214a94d86e74cae910955dadf61b114',1505952000,3723),(4119,'817ca8f5a02b394e3ad63875ddabe9b8',1505952000,3723),(4120,'2508be8f8e81a12782d711ca0980719b',1505952000,3723),(4121,'61494c814b9934e79fa7d491d9013d2f',1505952000,3724),(4122,'ecda4af8eff290931e2305f2473327c8',1505952000,3724),(4123,'a8ea73ad1203d69cadad1b4c92816833',1505952000,3724),(4124,'ac1388fb86f8ff811038cdbaaa6d2cff',1505952000,3724),(4125,'b447253805e3a3bfa163beae2dcd8465',1505952000,3724),(4126,'130cdff330648b6e951d6da8af731951',1505952000,3724),(4127,'00d45d04312fe536484a2f08b63e0eb0',1505952000,3724),(4128,'d3940e0096816c128cd89f9a0d451b54',1505952000,3724),(4129,'d90471bac40b3673cc2d9cc8e654d7eb',1505952000,3724),(4130,'4339bdac618376d0015d662fd0dd56fe',1505952000,3724),(4131,'1533af58b0a0028b898859248122fca5',1505952000,3724),(4132,'02f4dabf379cc6fe79cda0304ac43a66',1505952000,3724),(4133,'9517295e13837f0dff521678a5540920',1505952000,3724),(4134,'7f748fab043106d72f83260b8f33277f',1505952000,3724),(4135,'b69cfe6eb0b8a949729e4713eb8d6b6d',1505952000,3724),(4136,'c7282cdfb1d8f84944b517f8269aaa9d',1505952000,3724),(4137,'d137ae43efe978277e4868d76b20f9ac',1505952000,3724),(4138,'1ded77e97a07c5586b8c670add3ebcfc',1505952000,3724),(4139,'d7b17d13fbde9ffa2e0674b3a9f3410b',1505952000,3724),(4140,'a484e7d5cf86b039b405f31c6a7b4e3f',1505952000,3724),(4141,'4e81642bbe87a7909049ecd69feffa90',1505952000,3724),(4142,'0a5a018fd259f86b494771403f3223d8',1505952000,3724),(4143,'07e7b3e55ba1e3cee12ff61e6de982eb',1505952000,3724),(4144,'085eda3a57f32290570755ae8ca3ab3a',1505952000,3724),(4145,'8567fbf3b29093c16534eba530209c1d',1505952000,3724),(4146,'f37e06a5cb79d4bd24570531c64fbaa6',1505952000,3725),(4147,'261dd8b3d6cd7bc2ee1dcff106ce090a',1505952000,3725),(4148,'c2be85cee2b433bea002cb35dad7c040',1505952000,3725),(4149,'3b21e6c242510e51abaeaf70804533df',1505952000,3725),(4150,'323ddeeb2611338402a62059b702a8d3',1505952000,3725),(4151,'54e42d1026f68d063e7b7558d780fcd6',1505952000,3725),(4152,'06c496e78e5e8ec04e03c64a83c566f8',1505952000,3725),(4153,'fb31fd7d1f686e3019239532cd4e713c',1505952000,3725),(4154,'cc3ca0890bd8bbb1b076d82bb32dcc34',1505952000,3725),(4155,'95e2c0d0bae80f3f543828da0a2cc36c',1505952000,3725),(4156,'c4221e0683782bc99b03fa0c641fa2e3',1505952000,3725),(4157,'346b6b20527e23ec0bd387c6c978052e',1505952000,3725),(4158,'1a59c435d6b668053f3540f4911a56aa',1505952000,3725),(4159,'8b38ddd31d65651e81f84d241ac7d465',1505952000,3725),(4160,'37d491a943b1093c53795de0f5ce82da',1505952000,3725),(4161,'3f4f6aadd9811ad4cc3e6b910b9a7268',1505952000,3725),(4162,'671d0e066227541fb71f27271d40a5d4',1505952000,3725),(4163,'7f120af65b700588b31a65e32a44b932',1505952000,3725),(4164,'0acd35113cf1894c0cd5a384368fb0cb',1505952000,3725),(4165,'30b401366dae284ab5b02b078882937d',1505952000,3725),(4166,'0aca41c1888f9f542f844bb4f66fb147',1505952000,3725),(4167,'3286626318ae2cf96d33af7eb153e103',1505952000,3725),(4168,'fc60e5cb801c06773b0d880404f754ff',1505952000,3725),(4169,'a0b2c8d51967404c100fe458133cccdb',1505952000,3725),(4170,'2703b55ce5a02b354c12ac10f4d7a01d',1505952000,3725),(4171,'7f3a9bf9c0536c27a518aa0458cc7d31',1505952000,3726),(4172,'198968f492b0a5e3495d7dc1218643fb',1505952000,3726),(4173,'87224470ad6b9ac0c8d5640b6d67607d',1505952000,3726),(4174,'d8caa8ba16dadc2db4d6391a68019cc3',1505952000,3726),(4175,'dc8d1c0047ca8f3d7197f4a303b84237',1505952000,3726),(4176,'6d920d2db571d62e2b3d694515b09cdb',1505952000,3726),(4177,'a3a3c47d59d96b6a29a1b2c65374d699',1505952000,3726),(4178,'ba7c8fae24c1199b0f7fb4b4e5a68661',1505952000,3726),(4179,'c1922de2516baa6b6059da6d70d35408',1505952000,3726),(4180,'f4cc5bc23ae38bda68d31b23e7e4ce0b',1505952000,3726),(4181,'8c0e83b3cecab18e09edae23e5df6c99',1505952000,3726),(4182,'9c2548f2b57c775201f91f0d74f32300',1505952000,3726),(4183,'c19cd5aa4bd6aaebed8eb131201103ae',1505952000,3726),(4184,'3bcb3f1b78e33c3904218793f839c575',1505952000,3726),(4185,'4afc2cd7265a7ce78f3e721e3d11dd5c',1505952000,3726),(4186,'e3072db0f97aa5fe7558ed8d62fa0bfa',1505952000,3726),(4187,'61ed1bb405c6030b68932dff910381e8',1505952000,3726),(4188,'7e9d1420014ce98e9b6811b11e46c9b7',1505952000,3726),(4189,'3b1aefbaeb5865cd329a3802276b84a9',1505952000,3726),(4190,'caf42ce7a11566fc44d3e63972675e60',1505952000,3726),(4191,'5079111ddccbb62f5eea5f60f5c023b7',1505952000,3726),(4192,'f5b6886e2b1d3c31cf6d3071a81881c3',1505952000,3726),(4193,'3f93a86e399ff73fc66136e63fe8b1fe',1505952000,3726),(4194,'eb317769ad5ccd1ff023231bcf363ece',1505952000,3726),(4195,'4f118596b5cb563d94b85eedaecb3884',1505952000,3726),(4196,'1cc078cc76d577ce8961e9c833efc140',1505952000,3727),(4197,'33004783bb8e59e227b1dfd489db54a3',1505952000,3727),(4198,'fc9504aac9d351f2145bd6dac343b3c1',1505952000,3727),(4199,'990dbc2c6b0d619a1d145374eadfe8d7',1505952000,3727),(4200,'7877fe05495867933182d3964149af4d',1505952000,3727),(4201,'0a4fa8e9e8408598021c9bcd4717d679',1505952000,3727),(4202,'02a332deccc083e7c4a46f8263976304',1505952000,3727),(4203,'491365e0794a8be6e03a323e65080577',1505952000,3727),(4204,'49f6df19d9851cd6e810bc9f98b36d1c',1505952000,3727),(4205,'a975e863ec7b57ea8db071bf54d218a0',1505952000,3727),(4206,'892884b572d00cfa9511f2275b5f7fa8',1505952000,3727),(4207,'af81d9a5d4127021a221f0aea01b6c9d',1505952000,3727),(4208,'069398f2a557b199ec9b4b9b80e28406',1505952000,3727),(4209,'f806a2b9cbe9d830e450ca8948c4678b',1505952000,3727),(4210,'c3d9dc5df35e820388ef34d58c14207e',1505952000,3727),(4211,'25c0f898cc2235bf32181750ece61352',1505952000,3727),(4212,'fca2c7c2a16a92acf08ce7738f8ef47d',1505952000,3727),(4213,'3ce0251eb8859a90f4e0bec913f93db5',1505952000,3727),(4214,'4a01a483ec929abe73b5ae21bbfb8b27',1505952000,3727),(4215,'622cf3e743510f1e225effde4c6d7139',1505952000,3727),(4216,'091c8db5313b58e751b4aa1bbdb94115',1505952000,3727),(4217,'5c41c5eb1996d9b52722dbeb8e68a013',1505952000,3727),(4218,'e74acd53998902948897f0c52817d8f7',1505952000,3727),(4219,'c04b1b68c4a6946235bc8e491baac172',1505952000,3727),(4220,'993ad4a752ada34d13e497756750084b',1505952000,3727),(4221,'6bee7b778aab4e95b567b0159de59d0f',1505952000,3728),(4222,'633e6462ad6d5f544160fd2ef3f6521a',1505952000,3728),(4223,'0ebc345e405297e25bc1a5813be87b02',1505952000,3728),(4224,'22f0171102db9c917190629ec60a0b85',1505952000,3728),(4225,'0199f3b4035e670d464cb8ca2f355bda',1505952000,3728),(4226,'c40d042d79f09be5c8253a93eab3c222',1505952000,3728),(4227,'691e7e2d237f7682b519651fad45a9a1',1505952000,3728),(4228,'c6c566da7f8af1127ed0ffb8dc78ce75',1505952000,3728),(4229,'42e809d57bea563fe9b64722fc1368f1',1505952000,3728),(4230,'6fc806e7ef70822e376846822b470c2e',1505952000,3728),(4231,'9c6d9c0409cabefabc8b73a2fef1bceb',1505952000,3728),(4232,'e0d7dc7053cbb9099732807f8fed1878',1505952000,3728),(4233,'c00fc9defdff5c6a313ca63aabb2c290',1505952000,3728),(4234,'b02f6e8ac28c40426057a9358396df48',1505952000,3728),(4235,'668c68675057da88a2e35b878eb23887',1505952000,3728),(4236,'86896217a468e408a1a18388725b8db8',1505952000,3728),(4237,'1b452b3bdfebb95a55309886075d597a',1505952000,3728),(4238,'de2ad0fd5467c5b9aac164f7c6ec22ac',1505952000,3728),(4239,'baa2faaee276c5870e7d163dfcc22847',1505952000,3728),(4240,'35f7942e30a0201002b54bcac1dbd23c',1505952000,3728),(4241,'50857149d81e0f8c42bc6afe8e6e2aea',1505952000,3728),(4242,'d08d57d61fc2fe9ffa4a0a8af5a0a871',1505952000,3728),(4243,'5ce353dad01b503b1c198c6fb3ca1340',1505952000,3728),(4244,'566fdd6932c0c9c0e2224e7bb71739b9',1505952000,3728),(4245,'2d9492f7682cfc3046baccf6eb328c42',1505952000,3728),(4246,'c99bcb1aadbaad7fad7c0794f2f3be4c',1505952000,3729),(4247,'e27e4e54eb111de4d7b3c07b90d4c01f',1505952000,3729),(4248,'518527be99b19c9ba96c9d483951991f',1505952000,3729),(4249,'39e35f5330294bcfcafe79da8d1f3c4a',1505952000,3729),(4250,'50c4ce3db5768d988164eb9c6912a708',1505952000,3729),(4251,'27eb557a8664214f8961d292ab89c301',1505952000,3729),(4252,'c8e5a201d9eff0795660b7c1575333c6',1505952000,3729),(4253,'3fba50595ff6a7896fa312e3a092c5b6',1505952000,3729),(4254,'0c19521e7da30ff5f752085c90f2b6d8',1505952000,3729),(4255,'a163db6ecbc298c6b6b988f0865cb8aa',1505952000,3729),(4256,'ba066c0b4c3f88f5c44619330fa9a7f1',1505952000,3729),(4257,'66fdaf316576cd4656c34881f9390263',1505952000,3729),(4258,'ef76b384c8fac3de452be01bfa95f4e4',1505952000,3729),(4259,'4a5370c5cd06f76e14819cd756fa8fe2',1505952000,3729),(4260,'6d8a3c6efa499536044bf5d9c864e560',1505952000,3729),(4261,'d83ad3d0ecc77aeb62148e4159e19744',1505952000,3729),(4262,'2b77a3f571abaffecb2a08669829eec7',1505952000,3729),(4263,'455a3b4bc34abb6de9dc7cb3a822f600',1505952000,3729),(4264,'8758d56103371d790da2f85133e3b8f8',1505952000,3729),(4265,'f39ad9452c83110b8f90603896211caa',1505952000,3729),(4266,'3984c41dd49fc280b8f1216de5772c33',1505952000,3729),(4267,'dc2f30b26952b614a4efb0ce282d321f',1505952000,3729),(4268,'a5ec0cd3f2faf1bff556cb7dd87cb7f7',1505952000,3729),(4269,'2be63073c9f037bb772cf0481791b91e',1505952000,3729),(4270,'dc4f8eabbc643ed2859f6a9904e4acda',1505952000,3729),(4271,'f5f4fba3a2611f105e58dbd4fd4ce4c2',1505952000,3730),(4272,'2e6c144ca422f6eb3a3e409c72628b32',1505952000,3730),(4273,'f2bcc016282aab93f26e1d9eaa8fea21',1505952000,3730),(4274,'1ac9fc42bccc1230f76889aad76623de',1505952000,3730),(4275,'3be25a70194ad3a45e1fd41eda2b471e',1505952000,3730),(4276,'bc6312f88b70fa9e5af5a7656367229a',1505952000,3730),(4277,'8dfa4dec490a927eecb9d7fa138a5206',1505952000,3730),(4278,'49c6ddf59721d95f02e62f1c5b785f27',1505952000,3730),(4279,'10eaa3abfeadcff45624b104ba48cd69',1505952000,3730),(4280,'1637e08ed79bc7a1c235b4cc041ac2c9',1505952000,3730),(4281,'46467d2bb214136aa3c78dfc1e34ade1',1505952000,3730),(4282,'14de216df12e820f21904a1ae6a10ae5',1505952000,3730),(4283,'eb402bbcccdb85a57dfebf3b3c8236d8',1505952000,3730),(4284,'4638679accf420c67d51bab807ae37b9',1505952000,3730),(4285,'88e299918e1d276f2c7fcd278ef23495',1505952000,3730),(4286,'0dbd3e0eaa8b51b3edd1e8b6d64cfe43',1505952000,3730),(4287,'566ca34ce01e3425ed0115ea3daa38ba',1505952000,3730),(4288,'3bc944e3ecadfa44f04d51cf856c38b5',1505952000,3730),(4289,'bb96efa0826a947aa252d0dee321056a',1505952000,3730),(4290,'7e66fbf6953522bb6c2dc9a823e764be',1505952000,3730),(4291,'5bc682958199310f2b9a21d3c8525668',1505952000,3730),(4292,'aa57b732ae340a5128a42cc0771cb413',1505952000,3730),(4293,'00be012142ab6bc97b25e4009214e430',1505952000,3730),(4294,'31034c4e56f6fed0ffe2cee0cac1226d',1505952000,3730),(4295,'f70a3fb374f41b1fac115699409f08f2',1505952000,3730),(4296,'dd69ef855080a9f69452642bfddd6abf',1505952000,3731),(4297,'895a14e2549a2feae14475f0114a6714',1505952000,3731),(4298,'4af01fae0f2c5edc26ca6f75b658dd38',1505952000,3731),(4299,'c15135f754e345195fb79b394c833ecc',1505952000,3731),(4300,'e1d1d326e7fbc1946888b1c5bfddc3d7',1505952000,3731),(4301,'ad534cab5a0642f90937ea80977ba4c3',1505952000,3731),(4302,'848107b9e93a1ee2198df5b72ef96eba',1505952000,3731),(4303,'390fe746a425dece73ca365288bf1ef8',1505952000,3731),(4304,'9f81ccd9969bbcac71c1d2174219a4dc',1505952000,3731),(4305,'73acb08627a3db5857ed87a55e27bb12',1505952000,3731),(4306,'4ae4a994d1fd3f127c4cd3146590a49c',1505952000,3731),(4307,'ed5ac75bec6413dcf4ce80b1d966a0e1',1505952000,3731),(4308,'08447cb23425396f7c3d307b740b103b',1505952000,3731),(4309,'1d711c8aaa6928d3591e956b15c3b8c3',1505952000,3731),(4310,'5d76c40c628be6b4fb7611aea1a920db',1505952000,3731),(4311,'4bf88c492837df1c98f03fa5866fcbc8',1505952000,3731),(4312,'62c254698340ef27dda81209b97f4ec3',1505952000,3731),(4313,'d83e96a9b4c347bd7dab8b7df5b37105',1505952000,3731),(4314,'24010253de3fb92a9e4380963888d478',1505952000,3731),(4315,'85b19cc54f1ade10f641386960480939',1505952000,3731),(4316,'72357cf2e806284e2cb67a969bad8f1e',1505952000,3731),(4317,'1a2d974b89965ca190a0d70a14b961e9',1505952000,3731),(4318,'540cb9bebb0dcda61afad635b7d982a6',1505952000,3731),(4319,'2f6210127511f2ff599f12ba8c77cbfb',1505952000,3731),(4320,'4a2092419eccd4edff4018f5b2f3bb17',1505952000,3731),(4321,'ea48cd4017c5cfcb4d06bad362f7398f',1505952000,3732),(4322,'72d6b3a20b10b0d4425f57381ac4f096',1505952000,3732),(4323,'086e3578727b998c5d743f5be97090b9',1505952000,3732),(4324,'3ae3e1f02ba464fa076447365bdf85eb',1505952000,3732),(4325,'5be06578c4ec807469cecfe980195f2b',1505952000,3732),(4326,'b75e7754834feb6f8b8f18fea1a897f2',1505952000,3732),(4327,'6e1133a08fdf9ad49c494a6fc7876064',1505952000,3732),(4328,'8fb105360c9e9ea33d2a13483f95cf91',1505952000,3732),(4329,'1df842b7e354255e845e277a0a7e11de',1505952000,3732),(4330,'f14c4efa7c6869bcd66d7354fb1d6a1b',1505952000,3732),(4331,'e3b953f68d7d9f530fa15e27b1d16d0f',1505952000,3732),(4332,'01444c7501c48fad66530963878be907',1505952000,3732),(4333,'a96f7aebdc8ca957088ae6a9bd8f6008',1505952000,3732),(4334,'9a256b78cb89bfd38cfef9eca7e0a495',1505952000,3732),(4335,'223dda1187f1faae89a9871f0185d3b8',1505952000,3732),(4336,'345f9eb807182f9e14b422dec0d87178',1505952000,3732),(4337,'cf30abd873309007b251f50950cb8f58',1505952000,3732),(4338,'2bc979f6dbb6ce947f748d940ec01f22',1505952000,3732),(4339,'9f40ffd202f3dfcfee10a0d29d6bd30b',1505952000,3732),(4340,'41ff8a8b50692656ba79aaa06e5a4c02',1505952000,3732),(4341,'01805dd0faab1dcac17442b86048ec0c',1505952000,3732),(4342,'959ef6b6f3ad0db84f3e8ed1328095f1',1505952000,3732),(4343,'c188dd8df5f8a40acad980a5845b006a',1505952000,3732),(4344,'8d04b6b5aba16bda2038b983a54d45b8',1505952000,3732),(4345,'6b4deb7312d6037538932facf08b8206',1505952000,3732),(4346,'d26e54244b782c0e8f71a0b5d39457c0',1505952000,3733),(4347,'bad8c38d16f0d861f636717b49fe55b7',1505952000,3733),(4348,'586ffc33f9d4922e2636172d23e7e8b6',1505952000,3733),(4349,'fc228a3bc6c5e9d4977dd2a91a5cff21',1505952000,3733),(4350,'b9a94f08d2187f57e8cbf0d35889afbd',1505952000,3733),(4351,'0ef7c9893157ef9a31d5e5f39a90a825',1505952000,3733),(4352,'4c184a1edc1424e11eeb29e2190c294e',1505952000,3733),(4353,'02a3f704242b0602dc3662bdd42f5b38',1505952000,3733),(4354,'535c4d080f550a0996db4884ab0d6f37',1505952000,3733),(4355,'ef3b7ef4d76c74ef385f0402b13fa052',1505952000,3733),(4356,'153de7fceb60134c5178ce9963fb91da',1505952000,3733),(4357,'2bcbcfea5ac382c2c2958bcf1f6a07d2',1505952000,3733),(4358,'241b75dbdd60c1381376c90263a6861e',1505952000,3733),(4359,'ceccc096fbb2cc7e0d453012245adbc9',1505952000,3733),(4360,'c1e033b7b291076c0a22af500df63702',1505952000,3733),(4361,'288b8e855f5e75f08fbce0aaf9bcb952',1505952000,3733),(4362,'a2fb5bf61a4d24471e486aac7b628064',1505952000,3733),(4363,'edca496efedf16ed2200f313a6e20146',1505952000,3733),(4364,'6b3e1799ee5f2d075c18419bd141f5de',1505952000,3733),(4365,'d03480e435758f2090c0de2ce2cafe53',1505952000,3733),(4366,'969dd41573866177b20c4fa961498a52',1505952000,3733),(4367,'09f7d46e7b0940e85451056a119b1757',1505952000,3733),(4368,'d99f4f5942d23f608eb59afe3eee7d07',1505952000,3733),(4369,'2b225d3b0a30724c86cdaa99b876d22f',1505952000,3733),(4370,'51eeb281193c7c5752e4c08b808e91e4',1505952000,3733),(4371,'90a5ef679ef4c349be142d17c68e2cd1',1505952000,3734),(4372,'42266b91f72a66fe416914029c65c14b',1505952000,3734),(4373,'fe8962f10c3a82eb3ae38d3916f251f4',1505952000,3734),(4374,'a8671d4c98d9aadd12ab2bbd5603c2fa',1505952000,3734),(4375,'c8647555805177a9d9183f56b92a0a4f',1505952000,3734),(4376,'1c673fad6c4c65afa442c8dd0cd73a8b',1505952000,3734),(4377,'ba76fac297a130cca847c493375f32c6',1505952000,3734),(4378,'32f1f4b38b86af017e4920438229764d',1505952000,3734),(4379,'22f1a5395c35a80d5455d91472791d5e',1505952000,3734),(4380,'2f62d81ba2e39406f286f1d3b7c2152c',1505952000,3734),(4381,'ac17b5ace597deaeb94e1b63ed295fdc',1505952000,3734),(4382,'b3b3e2fd3799ade975a64a759cdab21f',1505952000,3734),(4383,'2008d3cf4ec2e2bd7af019b6240ffc5f',1505952000,3734),(4384,'a2e12057e3f3ef3a31272d4bb823389a',1505952000,3734),(4385,'cb961c02dbef2ac315c988f0d03c2d29',1505952000,3734),(4386,'c480612ff46d57c6cc6b23d7ec47e88c',1505952000,3734),(4387,'8ba32bb9fe1fc66f7770a1e000d75fb5',1505952000,3734),(4388,'815188eb133659914c602579df6461ea',1505952000,3734),(4389,'cb901d20cdaa1e4102b82a16f312b328',1505952000,3734),(4390,'77720ecbefe22ca4a5edc8931dc32bb1',1505952000,3734),(4391,'e7680a25f72349290c05c81ff472aede',1505952000,3734),(4392,'72bbe4363ad25b9b768e7103fa01a366',1505952000,3734),(4393,'cca6b1e2b4d5fc06a7af44bc5cd4e327',1505952000,3734),(4394,'57d84fd60de85195b68dd0fbda4846ac',1505952000,3734),(4395,'34710039d1e90555ed689b3186e6669a',1505952000,3734),(4396,'3686898f1f7a76f9c03066488e7e89e9',1505952000,3735),(4397,'68ece5812f053bcbeb5e083b7305f43c',1505952000,3735),(4398,'760cde7f7bc9346aab316643718afd5c',1505952000,3735),(4399,'8f3184cd16982d756d532b7e740276c7',1505952000,3735),(4400,'9ec2d529abf845518222b9874365a0c5',1505952000,3735),(4401,'fe2ee859aa06a6951a49f497147beec1',1505952000,3735),(4402,'4a70a4a8dee4ff987429651eee285fda',1505952000,3735),(4403,'c32b7b2ffffe81147c49d6637ee18a02',1505952000,3735),(4404,'65891eb7ca0bf295610390afa4872917',1505952000,3735),(4405,'4b88639694f89e0b44e5e0cd93aabc1c',1505952000,3735),(4406,'a7c914dea5fee69cd7237bf2f48ebe49',1505952000,3735),(4407,'58da3038dbfad9c3a6e03500a6eb1947',1505952000,3735),(4408,'13d87ce3b748dfd5b05f821647c0cd29',1505952000,3735),(4409,'7733d1d8178206f14fcdc6855b4fab38',1505952000,3735),(4410,'f707baadec95ae33aabe2f6305136c61',1505952000,3735),(4411,'1968fc58db59f676594ebd71ea009290',1505952000,3735),(4412,'a76e61de516efe7cc1183e2c69a1a318',1505952000,3735),(4413,'192fc8d55392c1ae30466db58b017afe',1505952000,3735),(4414,'06aa10d6d0f603338203d96e0ecc07e8',1505952000,3735),(4415,'7d44f3494fd04258e09609b65bd62e8c',1505952000,3735),(4416,'6e5be8b4e04c4f9ec35cc402814ea68b',1505952000,3735),(4417,'eac89d30d8d024d5a8d10730ec855c55',1505952000,3735),(4418,'cb8fccacfee54de3ccb7622eca1c2830',1505952000,3735),(4419,'ee2c89cf9f3c3ebc55ca095ae50a7539',1505952000,3735),(4420,'63cf886caefbec5c32ed7ee87b146f34',1505952000,3735),(4421,'226f7eecd4c6506eed260f497837df78',1505952000,3736),(4422,'1289d6b1640ee7c7c58b8f50ec540cfe',1505952000,3736),(4423,'449d23b38334242a22deac5840be20f5',1505952000,3736),(4424,'54a5142f85335382b68e92b0ad41d01b',1505952000,3736),(4425,'722e2d4463a1cdf16a0a0018c5261ea0',1505952000,3736),(4426,'a86ebf7e2984fa6b36c618aaf175704f',1505952000,3736),(4427,'4b357e1bdff0ae7e3c2056494b873348',1505952000,3736),(4428,'65cca725795b2ada7024876b605af0b1',1505952000,3736),(4429,'a502269efb9ddf3ab6f34ed7ae1e90b7',1505952000,3736),(4430,'d06edb69f0b0683017ff7c2f6535df6e',1505952000,3736),(4431,'4200253f56d331d6e1f01cc1da5abbe4',1505952000,3736),(4432,'5ee261e5d91daa92e90e26a7a34b2111',1505952000,3736),(4433,'bc7fe3ac537e4ddf347035b017b8fa63',1505952000,3736),(4434,'f120d5624192f03056e16fb62809a44e',1505952000,3736),(4435,'2f3404c7d7724acd9d9f468baf567645',1505952000,3736),(4436,'e1c28bc05a569c685996198060739d8b',1505952000,3736),(4437,'b1afcacb2c313358cb07767213a07a4f',1505952000,3736),(4438,'325d2b0b335da6286292f839fda19788',1505952000,3736),(4439,'1d677871c48dc91a3e853de0cb2f959b',1505952000,3736),(4440,'7b2539b0c7339a900d49e23e05daca24',1505952000,3736),(4441,'073c6e0b5d33651cfc9f75c65caf1a96',1505952000,3736),(4442,'e7190073fcac712dab1afcc0f6be8138',1505952000,3736),(4443,'76c5b91a3fa34a9eb8c353fe934e2387',1505952000,3736),(4444,'6a0e4a5ffd9f34c4d25bc3bbc85d7126',1505952000,3736),(4445,'c93354b976d695dc5f43127ae997e63d',1505952000,3736),(4446,'97a741fe07dfc3aed3df31e8c2489e61',1505952000,3737),(4447,'f0ae461be2d5657af75864cc48084dd6',1505952000,3737),(4448,'47f40b24f6de74766271256d5afaaf40',1505952000,3737),(4449,'f04cca47bbcbe6ab17e0b026d8cabab6',1505952000,3737),(4450,'1141a947d3936f9d3b741b43e86363ad',1505952000,3737),(4451,'da5c4b303980977b684551467b3f2928',1505952000,3737),(4452,'71fb014347d9d9c313752e7cde6824b6',1505952000,3737),(4453,'649f348f73dc71baf49e69d7942b10b8',1505952000,3737),(4454,'4bdca1888532ea0c19eae2159bcea133',1505952000,3737),(4455,'ea8e37787ed78d4214499a596820e45c',1505952000,3737),(4456,'ec1af50d43090a555c0fe56888c4f436',1505952000,3737),(4457,'e717fbe3d7aba7fc967516bc98d193f1',1505952000,3737),(4458,'16684746835cf593252b6a27d294e968',1505952000,3737),(4459,'f0221628c4a8fa911df89b6fbcb580ea',1505952000,3737),(4460,'0f05c42e4d8edba0dc77b4d3ae7c3d91',1505952000,3737),(4461,'19374672fe74418ba9302dfc63b0bf95',1505952000,3737),(4462,'f8fe985cae07d18ae051b21be153c720',1505952000,3737),(4463,'8fca7847fb82b9f8acdf8fcdcc9395a6',1505952000,3737),(4464,'9cdb35cbccc74e34cbbc9f1014fd001c',1505952000,3737),(4465,'f9541a7d27f7a2a777e469c38cfe5c48',1505952000,3737),(4466,'3bfea6ca37b659411e7f2fa7c1ce1dc2',1505952000,3737),(4467,'fa25b5b7490b9b2657f2da4952c14216',1505952000,3737),(4468,'91559b42cc4d9ac6116189a0d657dbe5',1505952000,3737),(4469,'b4794e35e04efc3be38c214def9a5922',1505952000,3737),(4470,'45730e0cbf8d91d8a7e4e1eea5da57a2',1505952000,3737),(4471,'f61aa038b975a0dc9ebe951c90f6e24a',1505952000,3738),(4472,'bb93df3f790c460239234647935273c8',1505952000,3738),(4473,'c3fd75e703b615ae13b9e2edea2ac6f6',1505952000,3738),(4474,'5839a4f7f2dba86b6cf01a8371d815ec',1505952000,3738),(4475,'6f0b01dc34b66a002aa23fd2404ac041',1505952000,3738),(4476,'72693ed19ec6e3c5ce7365754c6fd30f',1505952000,3738),(4477,'aef3144d8b0fe90b5cf6238a439fd44f',1505952000,3738),(4478,'64dbb8c808336d77a2df08cd6a3a94cd',1505952000,3738),(4479,'5db359cb3749b70ee4c81d4be3610131',1505952000,3738),(4480,'81bbe5c42fbbcd7df10d9907fe6d5b6a',1505952000,3738),(4481,'d21c16895febdf766693f56974bfe9ec',1505952000,3738),(4482,'7e79fdbadba3c4950f61ed5c5b2e07be',1505952000,3738),(4483,'d963bc9f5b4d3b302c25792aa81f02ed',1505952000,3738),(4484,'135dfabaab0117954c51976149703881',1505952000,3738),(4485,'aedd3b099d5346c4c4bde49b84614088',1505952000,3738),(4486,'94f11232b4924f410959d145f7c03551',1505952000,3738),(4487,'1df1969413e82fae585038add2de54a0',1505952000,3738),(4488,'5e658c3a33bce35bc42a273e60ad5177',1505952000,3738),(4489,'33623cecb5925954a3ac273bffb1df2b',1505952000,3738),(4490,'dc37eb82bbd6023ecdc4d372c2ffc127',1505952000,3738),(4491,'ce742b0817df06810aa806e1427d677d',1505952000,3738),(4492,'898b75fb9b204d7f44bf17afc2d353a6',1505952000,3738),(4493,'2ddad1f86af1b35c55c4f9552c6f88e9',1505952000,3738),(4494,'0aa014ad3718b09e790abb2593b252cf',1505952000,3738),(4495,'e5d45d4af55f3f70a6ee8a2e12726869',1505952000,3738),(4496,'a101ac6740ef901887c1606d619ee0df',1505952000,3739),(4497,'3cf4607bfb5bfa51970e6f31715a3e51',1505952000,3739),(4498,'fcba4abaf7c81256523c20aa764d593a',1505952000,3739),(4499,'0ae91c7cd51b602be7e2bb5b534f2c9a',1505952000,3739),(4500,'34dffd361bc1bbc596ad9334804b5339',1505952000,3739),(4501,'217779dca70cb9ff82a0be4b3cb83981',1505952000,3739),(4502,'0d31217a8da72b36bb900cbc7020ccf1',1505952000,3739),(4503,'cb4ab120cd14ae0aa6861bd1a9c7de86',1505952000,3739),(4504,'b41883d46e9585e32c86f4f13d14e2d3',1505952000,3739),(4505,'81fa21df04b3f13941d4abbce7650687',1505952000,3739),(4506,'1793ecb4b020710ad9c7fab9d3ecd054',1505952000,3739),(4507,'e504fd71a58c06ac201463abbf44b82e',1505952000,3739),(4508,'1a718e85d509b836b604698558daab9c',1505952000,3739),(4509,'f0be271d0d6da37d601833065d44cdd3',1505952000,3739),(4510,'400aba5296b4e329701df7807b5ceb42',1505952000,3739),(4511,'91549e2902efcda713dc51df5dc0edc8',1505952000,3739),(4512,'311551772d01af1c87fb4c34ab63dff9',1505952000,3739),(4513,'bc8b7f1b38f26718aa9fec2de6853551',1505952000,3739),(4514,'89b5f2d106b1fc3b657205762443085a',1505952000,3739),(4515,'d6e7213cd0eafa6663bd24549a016574',1505952000,3739),(4516,'080e5d9b5da991d2af0eddc2ff01d1d1',1505952000,3739),(4517,'1a2f609b0b49b797d8b3c573b4d3648d',1505952000,3739),(4518,'011b85ec2295085ff643cf4cc4e234ed',1505952000,3739),(4519,'c44a478a6c658aed9f863db41768bc62',1505952000,3739),(4520,'1ee8333614ad0b8905cec678def7e1f6',1505952000,3739),(4521,'cee046a86d068f432b20a870a9e4106e',1505952000,3740),(4522,'cc98cd990d334329b0c1fec2a6a77672',1505952000,3740),(4523,'655e44c0a7d2992bf98a4077cf0bcfe0',1505952000,3740),(4524,'be429f61c086b22be83b1467c78340ef',1505952000,3740),(4525,'b65481ade1143cf3d1bd988b42b4b6c9',1505952000,3740),(4526,'584885872347f1a85fbe6d37d7711bda',1505952000,3740),(4527,'dfdbc98228296cb0208f72be29dba37b',1505952000,3740),(4528,'787b40410815d253084933e05c380eaa',1505952000,3740),(4529,'493539ad68aaf86400897e73cd9cbbf2',1505952000,3740),(4530,'87f34451369bcf86c9a0fae2e9ef686f',1505952000,3740),(4531,'d6e48ad370adc9f1e47449c2c9a6769f',1505952000,3740),(4532,'38c2988636c76b3b35d89bf43d73abf4',1505952000,3740),(4533,'4c4aa6667cb86cddf064a1ec66e264a3',1505952000,3740),(4534,'35d0cbe7d4fc4faf8ce748bef7797223',1505952000,3740),(4535,'d8efa39985a0208d876da810d2c2e8c7',1505952000,3740),(4536,'d3cea371e53096d1b3be0c3aafda3617',1505952000,3740),(4537,'e3b1f8d61e2afc028c6bd60c6a4e11e4',1505952000,3740),(4538,'3cf50bce706c634b0f8d968051c1e06a',1505952000,3740),(4539,'7a530ed42476ab4396777b2d332a1294',1505952000,3740),(4540,'1b1008032290ba60b28f86281bf85bd5',1505952000,3740),(4541,'8b205fcde613d672261e5d79aed792b8',1505952000,3740),(4542,'5361d9b2228fa0ce860119f1b1054d8b',1505952000,3740),(4543,'c73827dd713b5aae5f2bd8e564724e7f',1505952000,3740),(4544,'5cc34789fbabcc86c1d79acacc6dc80b',1505952000,3740),(4545,'4910a1b6a429010074b322d6c6b748a6',1505952000,3740),(4546,'d175eb90d0fe1431b6a0ab40ebaa85ec',1505952000,3741),(4547,'8fe49d2ffcb46f36076aaacc2100d2d8',1505952000,3741),(4548,'e87d6ad57a140290d6b7503894b3bc92',1505952000,3741),(4549,'ed995aead33d2c977edee413026050ed',1505952000,3741),(4550,'46dab33c657f4405cce150b43ed03236',1505952000,3741),(4551,'893efa0c64f1cd4e345b6331c82674fb',1505952000,3741),(4552,'7b250d1a3bec8b261f6ea4ff85212231',1505952000,3741),(4553,'d0c639d970d1b2716022c53d28215b68',1505952000,3741),(4554,'abbd4041c5e7f07238fd9775fdf436a1',1505952000,3741),(4555,'665e911adb7f1ebb7122def96658b8cf',1505952000,3741),(4556,'40b54cb1ba820ce27f010ae5fbd1abd8',1505952000,3741),(4557,'d9ba6f0a7278d05e464eb5f1f4308ca4',1505952000,3741),(4558,'c5e158973f2b519b3d1500b3a7ab6545',1505952000,3741),(4559,'48792e8ed3d747d6c63013a729f6a3ab',1505952000,3741),(4560,'39d95f867fd3570112293a5278bd070c',1505952000,3741),(4561,'e219acefb3091b8142d46d253c0bcdc2',1505952000,3741),(4562,'bee191f3d205c88a8c4109a60fcf340f',1505952000,3741),(4563,'a1ccf12db5fa849a04ba93b89870ae50',1505952000,3741),(4564,'f442006791b50407d7dfefe55ce277bb',1505952000,3741),(4565,'7ed73dbe8e16a7fd7f254a90a3363280',1505952000,3741),(4566,'a94674dfe457cc0f13457031cac94f55',1505952000,3741),(4567,'0ad008a80ddc9e652b2255b972fe14f3',1505952000,3741),(4568,'8856ec5782adef2ae19bf7fb97dc35fa',1505952000,3741),(4569,'ec87219d7c8fb9cb612f04c5222fba98',1505952000,3741),(4570,'386c6d15dc66941f510702e41524a5b5',1505952000,3741);

--
-- Table structure for table `transport_key`
--

CREATE TABLE `transport_key` (
  `transport_key_ID` int(11) NOT NULL,
  `transport_key` varchar(33) NOT NULL,
  `expiry_date` int(11) NOT NULL
) ENGINE=InnoDB DEFAULT CHARSET=latin1;

--
-- Dumping data for table `transport_key`
--

INSERT INTO `transport_key` VALUES (1800,'bf43759bf109f709523198a550cecc18',1505952000),(1801,'11764d4ff72703db09a1055c2899610c',1505952000),(1802,'a565837c90b15ee1f3547a81f8c1966c',1505952000),(1803,'1c08e2b4fd832a5b5edebf259eb64001',1505952000),(1804,'72cae691135b5d202247f2f04d056596',1505952000),(1805,'ccd4c1cac09c47f386783e8a7854f778',1505952000),(1806,'426a177ca714250de2c0348c9d98485b',1505952000),(1807,'58aead31d98e4b61be700427bb8931ea',1505952000),(1808,'c67b93c17ff853e2325fdddd63c757e9',1505952000),(1809,'8f11fe4994ccbea0888d6036e982e8b9',1505952000),(1810,'51d3ec3281b1c9a19a8c9dfa12bbc64f',1505952000),(1811,'b1b9ee32f19fbcba448807eb0f92d1ab',1505952000),(1812,'8ff4a6f6968dd3f04e152726e9c966af',1505952000),(1813,'5ab2854bdce8cd9fa18e9f59c13873e8',1505952000),(1814,'dbf50600835ee813a24cffddf14721fe',1505952000),(1815,'09aceca5eb82e498a06ba05209a090f5',1505952000),(1816,'200765d0203a8e62bc48ce465019e4c7',1505952000),(1817,'849b8f5165f947158d0c7740752750c0',1505952000),(1818,'0d1c78d19e8cb58adc9401d7a2f871ee',1505952000),(1819,'8b5043d44e412d33fef97f66cfcbcfe3',1505952000),(1820,'3a11c9155d0e679619ba652624249313',1505952000),(1821,'67585f612bbd7769a1d06c803e7e3aa6',1505952000),(1822,'dec972b70cc2b3569d7b5f2de3c9dc97',1505952000),(1823,'d48542e3bc0814a760e05127ae8dbb40',1505952000),(1824,'64e65cdbd67d612a3cb29381a4559014',1505952000),(1825,'eda8f9f6c3cc953d13270aec65f5cc7c',1505952000),(1826,'16de0fa0221b94d1b5317eaf3c7f617c',1505952000),(1827,'2442a3cdb462ae300b38a62e5665559d',1505952000),(1828,'5562c99adf5d9092928df70820837373',1505952000),(1829,'cb35a17c9df1fdf353267726909b7e6e',1505952000),(1830,'83601167fa4eb1bc0f74dd4150de7da6',1505952000),(1831,'a614e0091b845ce777e8e1bfbb350bed',1505952000),(1832,'a1e00ad5478d38e25f910f10e8348aff',1505952000),(1833,'5d69eed8c00acb2956fbc48d124963da',1505952000),(1834,'f9b95546035e5f9e35af30658f80f64e',1505952000),(1835,'c4db114f37098d6b2d3b97a19eabd761',1505952000),(1836,'cc4dc0ba52308b321a56bc3cc4e6d7a3',1505952000),(1837,'d88bc236969bd79f8cd97c2ab277cd8a',1505952000),(1838,'d776aa31b667ffe165b1e8d412fc4fcb',1505952000),(1839,'ebccdcfb3621d8ed5be41697596c3f54',1505952000),(1840,'8c99b5c4ce1a5cdf6f8771166f4f8c22',1505952000),(1841,'782e32c7a9840c2a2ab03c441b2c08c3',1505952000),(1842,'8970ff29d8ea24e9bfb247af12497b2c',1505952000),(1843,'e1397a5501674b3db22c6a5909ec9316',1505952000),(1844,'d058522fabfdebee49f6b44a7e1689d3',1505952000),(1845,'15624d94681cd960cbc5d508b5382160',1505952000),(1846,'5cb4a3fc7243b70b9f94428e4dd68287',1505952000),(1847,'49f401fc8172c33b8af0d56271d44299',1505952000),(1848,'6ffe8e9497cdee873520ae18899417d2',1505952000),(1849,'b0ee2d66ea504751f7a39a602cd58d55',1505952000),(1850,'1bf1dcee7ff10ee99abc1af0884c0fe9',1505952000),(1851,'4566693c3d393394af5ef8cedef6c86c',1505952000),(1852,'f8c9ab4551857ae30e36c05f5685c536',1505952000),(1853,'fa064e694508f661154719b6d8e9f4ed',1505952000),(1854,'498d30e3eb361e88b01aac4bb7be58b1',1505952000),(1855,'fc3f808558e18349652952c976fdbc07',1505952000),(1856,'24cacdaef6ad9233181c38b50d9fef86',1505952000),(1857,'70d32235653fbb0339f5ac2aabca4127',1505952000),(1858,'4d51ae3612414421da29f8108e1c6320',1505952000),(1859,'290ea490b09160dc3e7d9f2362ec00ad',1505952000),(1860,'317ba2d0ff97797a2e56db1da9c37d24',1505952000),(1861,'b7b95be60ac095ae1bac4956f61faac7',1505952000),(1862,'685f76645f7bc2a6d12a8b1aa91ffd91',1505952000),(1863,'bc850dfcfae3cd3dfcdd29e101eb848a',1505952000),(1864,'9b5c09b6f6b07b8d1304742c937e11a1',1505952000),(1865,'9ed4436f8470caa8ea6c3e767c21cdad',1505952000),(1866,'8a467a6ce7c256dba5e135fab034e534',1505952000),(1867,'2f7b60fa431154a29e1b94f7d857fe5a',1505952000),(1868,'d34e4538beaf21abd9af925cf7398a36',1505952000),(1869,'a3182a7ee35a86092dff961d5034d1a9',1505952000),(1870,'a2c9f82afaa87e7aeb31cb379098e031',1505952000),(1871,'1330eba51ed534d26dbf0adac23b4e53',1505952000),(1872,'f7a7aa08cbc4cc2bcb7cc937bb137882',1505952000),(1873,'4f5a6e0228d9d96f34c21d4c755bbb05',1505952000),(1874,'49068f13c7ca85b05a744e340f948233',1505952000),(1875,'6794bbb92c46a0a4d92630cc1b715e3e',1505952000),(1876,'5570b6cb2709636884a507bac4e41121',1505952000),(1877,'f5f2112711f69ee20e7f3db617936d59',1505952000),(1878,'8703dab36b26c1e501b7d0baed1fcbe0',1505952000),(1879,'7010efc83524894737284a95a9c57851',1505952000),(1880,'00c1aa1cf72b6e4e362c053b2aed1bc5',1505952000),(1881,'d7adff304a85538e107ac1c034305a6e',1505952000),(1882,'4d1d5f24af9f62ac50e9f63a227b32b4',1505952000),(1883,'cbac952b74a5253ba6145de9336ba6b5',1505952000),(1884,'c92772cd71b5505389b4c43ef2f975b5',1505952000),(1885,'ce32684056c1fab3b7493e502d7ab5af',1505952000),(1886,'2b00788bc167b0d7cb5f0f82b0ee3449',1505952000),(1887,'e912fb343eb00220bd0ae13f14bd67c7',1505952000),(1888,'5c796208795239ac8945f53bea4dfa73',1505952000),(1889,'825d5044f1534316b0ded4df4bfc2dbb',1505952000),(1890,'798a751621c6671db946d866e4ffccdf',1505952000),(1891,'8df19784393d8e1e94d7b3fe9b525f52',1505952000),(1892,'e99d5f2d84075d4161bdc2439cccd96e',1505952000),(1893,'737f6c56d88395d5f7a660e3bd9b47be',1505952000),(1894,'1eebab5150a59e3b99386a131e866c82',1505952000),(1895,'1e6a3aa9db46c25ec9c4ad077f12a7b9',1505952000),(1896,'e4496325d72c11d4df54b0d53415e41a',1505952000),(1897,'fd66b08254d0b34ed2549b97fc5644cb',1505952000),(1898,'de2f9003860474b4df013760c2722f07',1505952000),(1899,'76174a348f802a446bd29a59eceaabf6',1505952000);


